 97841987231 prime?
True
Is 10214161 a composite number?
True
Is 432994651 a composite number?
False
Is 173450539 a composite number?
True
Is 651739001 prime?
True
Is 3247015223 prime?
False
Is 52332528337 a prime number?
False
Is 620612411 prime?
False
Is 92737886291 prime?
False
Is 392375833 a composite number?
False
Is 486556531 a composite number?
False
Is 12869929529 prime?
True
Is 47167762087 a composite number?
False
Is 6861370141 composite?
True
Is 52986653 prime?
True
Is 27335107 prime?
False
Is 4133723627 a prime number?
False
Is 164757067 a composite number?
True
Is 26224170569 a composite number?
True
Is 16048889089 composite?
True
Is 2615487229 a prime number?
False
Is 137037541 prime?
True
Is 240079498 composite?
True
Is 4461929219 prime?
False
Is 2823725329 a prime number?
True
Is 20887609333 a composite number?
True
Is 16516977667 composite?
False
Is 1934752877 a prime number?
True
Is 59040867461 a composite number?
True
Is 1130410927 a composite number?
False
Is 158354719 a composite number?
True
Is 676784333 a composite number?
True
Is 1460770567 a composite number?
False
Is 122715479699 a composite number?
False
Is 187540791857 composite?
False
Is 536469529 a composite number?
True
Is 1502758319 composite?
False
Is 339769081 a composite number?
False
Is 2566251253 prime?
True
Is 2273337079 prime?
False
Is 8352589271 a composite number?
True
Is 67423962707 a prime number?
True
Is 2135742611 a prime number?
True
Is 1231568453 a prime number?
True
Is 15961786609 a prime number?
True
Is 111244697 composite?
False
Is 1160911303 composite?
False
Is 2161587731 a prime number?
True
Is 1861590841 composite?
True
Is 7421805803 a prime number?
False
Is 4550712563 a prime number?
True
Is 265066649 composite?
False
Is 451745447 prime?
False
Is 2343695707 prime?
True
Is 19450842163 a composite number?
False
Is 829410409 composite?
True
Is 9005730479 prime?
False
Is 44593954043 prime?
True
Is 20407404179 composite?
False
Is 2181353795 prime?
False
Is 6092815413 a composite number?
True
Is 12703913143 a composite number?
True
Is 50810563567 a prime number?
False
Is 4576384277 a prime number?
True
Is 5600676917 prime?
False
Is 4834306091 a prime number?
True
Is 23313249173 composite?
False
Is 276085653529 composite?
True
Is 149980417 a composite number?
False
Is 44961073373 a prime number?
True
Is 12182969621 composite?
False
Is 54268270321 a prime number?
False
Is 2121925391 a composite number?
False
Is 153503463073 prime?
False
Is 7603425829 prime?
False
Is 32743262887 a composite number?
True
Is 2263523237 composite?
True
Is 15080975599 a composite number?
False
Is 44694860771 a prime number?
False
Is 26292111959 a composite number?
False
Is 116757317 a composite number?
False
Is 2997195583 a composite number?
False
Is 293057623 prime?
False
Is 3955140691 a composite number?
True
Is 1178168081 a prime number?
True
Is 619848149 a prime number?
False
Is 83601686789 prime?
True
Is 17002816643 a composite number?
True
Is 1736313277 prime?
True
Is 13309840769 prime?
False
Is 32326365187 a prime number?
True
Is 38076677 a composite number?
False
Is 1268856781 composite?
True
Is 771770339 composite?
True
Is 569487731 a composite number?
True
Is 141714684833 composite?
False
Is 492916937 composite?
False
Is 599263657 prime?
False
Is 5465876369 prime?
False
Is 10293111773 a composite number?
True
Is 2310668821 composite?
False
Is 114454429003 composite?
False
Is 19203661753 prime?
True
Is 270847123 prime?
False
Is 209048561 prime?
False
Is 9925050049 composite?
False
Is 3787081043 a composite number?
False
Is 19723724257 prime?
True
Is 13565288411 a composite number?
False
Is 412077667 composite?
True
Is 109165519 a prime number?
False
Is 137838299 prime?
True
Is 36399101853 composite?
True
Is 504575371 a prime number?
True
Is 3545463619 composite?
False
Is 668140699 composite?
False
Is 2055590153 a composite number?
False
Is 127128619019 prime?
False
Is 3690789959 prime?
True
Is 2274236485 a composite number?
True
Is 59669531 composite?
False
Is 20196868613 a prime number?
False
Is 163016267 prime?
False
Is 832102799 a composite number?
True
Is 750602533 a composite number?
True
Is 4649010647 composite?
True
Is 109924147 composite?
False
Is 786755681 prime?
True
Is 122986067387 a composite number?
False
Is 823218967 a prime number?
False
Is 276625813 a prime number?
False
Is 27875580427 a composite number?
False
Is 10719946217 a prime number?
True
Is 56771227 composite?
True
Is 17556249287 composite?
False
Is 43214369773 a prime number?
True
Is 27573569137 prime?
False
Is 2658951847 composite?
True
Is 13001893337 a composite number?
False
Is 5539879351 a prime number?
True
Is 5468733889 composite?
True
Is 6093399586 a composite number?
True
Is 133921363493 a prime number?
True
Is 15236077453 composite?
True
Is 17555877859 a composite number?
True
Is 46303225417 prime?
True
Is 9278316917 composite?
True
Is 116077276997 a prime number?
False
Is 552317681 a prime number?
True
Is 796200014 composite?
True
Is 36023298011 a prime number?
True
Is 5614340705 a composite number?
True
Is 76170391 composite?
True
Is 3194162794 a prime number?
False
Is 112182597799 a prime number?
True
Is 95250991 a prime number?
False
Is 1604806471 prime?
True
Is 852598277 a composite number?
False
Is 453684277 a composite number?
False
Is 220605792233 prime?
False
Is 41996306203 a composite number?
False
Is 10347965669 composite?
False
Is 60377844781 composite?
False
Is 614172067 prime?
True
Is 13863469847 prime?
True
Is 913072001 composite?
True
Is 69691801 a composite number?
False
Is 14784697679 a composite number?
False
Is 64859644081 composite?
True
Is 76805188753 composite?
False
Is 14299672243 composite?
True
Is 123620329 prime?
False
Is 38990423 prime?
True
Is 2954400619 prime?
False
Is 141682439 composite?
False
Is 6890429891 prime?
True
Is 42966570133 prime?
False
Is 1574389679 a composite number?
False
Is 50529953 composite?
False
Is 48454909561 composite?
False
Is 74271059 a prime number?
False
Is 8035893779 composite?
True
Is 128943022751 a prime number?
True
Is 259941442199 prime?
True
Is 80744899 a prime number?
True
Is 132987866731 a prime number?
False
Is 26149892577 composite?
True
Is 1477878929 a composite number?
True
Is 26148567101 a prime number?
False
Is 32487818837 a composite number?
True
Is 7670967505 prime?
False
Is 670176443 a composite number?
False
Is 1315125051 prime?
False
Is 415409363 a composite number?
False
Is 9433873357 prime?
True
Is 5794255513 a prime number?
False
Is 553717291 composite?
False
Is 96115921793 prime?
False
Is 100358297 a prime number?
False
Is 1092022553 a prime number?
True
Is 1079815981 composite?
True
Is 1626584963 a prime number?
True
Is 31293005897 prime?
True
Is 1812919 a prime number?
False
Is 1257245503 a prime number?
True
Is 4779029141 composite?
False
Is 31517377 composite?
True
Is 51542947231 a composite number?
True
Is 57438341969 a composite number?
False
Is 15501765059 composite?
True
Is 9745324571 composite?
False
Is 23665471 a prime number?
False
Is 20833329973 a prime number?
True
Is 7055843077 a composite number?
False
Is 160445364953 prime?
False
Is 76526515589 a prime number?
True
Is 6096134141 a prime number?
False
Is 11798896658 composite?
True
Is 672629453 a prime number?
False
Is 1868686679 a prime number?
True
Is 4681189841 prime?
True
Is 1823819379 composite?
True
Is 900314105 composite?
True
Is 4590840967 prime?
True
Is 52569875623 composite?
False
Is 978758254 composite?
True
Is 605450554 prime?
False
Is 15199943147 a prime number?
True
Is 437272799 a composite number?
True
Is 5711155111 prime?
True
Is 39573033791 a composite number?
True
Is 737611961 composite?
False
Is 1158794327 composite?
False
Is 122641933 prime?
True
Is 1647030661 a composite number?
False
Is 39914963195 a composite number?
True
Is 2125685365 composite?
True
Is 8384349043 a prime number?
False
Is 9088236019 prime?
True
Is 1165437487 composite?
True
Is 3046258669 prime?
False
Is 1423166189 prime?
True
Is 682532363 a prime number?
False
Is 3957814849 prime?
True
Is 4832502271 a composite number?
False
Is 2688954299 a prime number?
False
Is 3872728781 a composite number?
False
Is 10050722677 a prime number?
False
Is